2
What is (7 - (-3 - (-17 - -8 - -5))) + -7?
-1
(4 - -4) + (-4 - 2) - 0
2
What is (7 - (34 + -2) - (-11 + -2)) + (-2 - 29)?
-43
Evaluate -1499 - -1550 - (55 - 0).
-4
What is the value of (-59 - -66) + 9 + -6 - (1 - -61)?
-52
Calculate 13 + (2 + 71 - (56 - 63 - (8 - 23))).
78
What is the value of 6 + -22 + (-18 - -41 - -21)?
28
Evaluate 2 + -2 + 42 + 32 + (-102 - -64).
36
What is the value of 5 + ((-13 - -5) + -5 - (4 - -1))?
-13
What is the value of -6 - (-6 + (0 - (-6 + 11))) - -28?
33
Evaluate -25 - (-7 + 23 - 104).
63
What is the value of (-1592 - -1520) + -5 + -39 + 2?
-114
-80 + 146 + -55 + (-1 - -3)
13
Evaluate -20 + (-1325 - -1452 - (-19 + -2)).
128
What is -201 + -48 + (160 - 24)?
-113
What is the value of (-9 - -5 - 64) + 498 + -484?
-54
Evaluate 116 - (20 - -51) - 33.
12
What is the value of (-33 - -6) + -3 + (10 - 12) + 7?
-25
Evaluate -60 + 44 + 29 + (68 - -9) + 4 + 1.
95
What is the value of (41 - 0) + (-374 - -383 - (-1 - -5)) + -5?
41
What is -14 - (30 + (60 - -21 - -16))?
-141
-20 + (46 + -9 - (1 - 0))
16
44 + 1 + 25 + -34 + 20 + (-13 - 6)
37
Calculate 28 + (-39 - -18) + 34.
41
Evaluate 147 - ((102 - 189) + 216).
18
What is 2 - 34 - (-73 - -35)?
6
-4 + (-13 - -10) - (18 - 17 - -18)
-26
Calculate (-20 - -22 - -32) + -49.
-15
Calculate (0 + -3 + -9 - (34 + -53)) + 21.
28
What is the value of -10 + -17 + -1 + (28 + -12 - 13)?
-25
What is the value of 64 - (-7 + (6 + 20 - (-12 + (32 - 6))))?
59
Calculate -7 - (-12 + 7 - -17 - 44).
25
Evaluate -29 - 0 - (-38 + 8).
1
Calculate -25 + (-40 + 11 - -4) - 6.
-56
Calculate 0 + (-5 - -3) + -3 + (-74 - -80).
1
Calculate -26 + -40 + (-19 - 4) + 37.
-52
1 + 0 + -32 + 41 + -13 - (2 + 15)
-20
What is 63 + (-52 + -56 - -52)?
7
Evaluate 19 + (-9 + -14 - 22) - (7 + 0).
-33
Calculate 36 - 4 - (30 - 36).
38
Calculate (-18 - 0) + -33 - -29.
-22
What is the value of -175 + (-56 - -163) - (-9 + 1)?
-60
Evaluate -71 + (-119 - (-12 + -194)).
16
What is the value of (-1244 - -1083 - (0 - 24)) + (8 - (-1 - -3))?
-131
-176 + 85 + -112 + 68
-135
What is the value of 8 + -20 - (-3 - -8 - (90 - -16))?
89
17 + (1 - -7) + (-73 - -162) + -218
-104
Calculate (7 - (8 - -5)) + (-2 - -69 - (-101 - -94)).
68
Evaluate 2 + (-10 - -25 - 11) + 11.
17
What is the value of (-66 - (0 - -2)) + (-87 - -18 - -66) + 14?
-57
Calculate -58 + 9 + 6 + 7 + (-1 - 1) - 7.
-45
What is 44 + (28 - 43) + 54?
83
Evaluate -20 - (15 + -2 - (105 - 31)).
41
What is the value of -61 + 35 + -1 + 25?
-2
Calculate 63 + 0 - (1 - 25 - (47 + -64)).
70
What is the value of 47 + -79 + 33 + -62?
-61
1 + -28 - (-108 - -290 - 149)
-60
What is the value of 4 + -28 + (-1 - -6 - -6) - -62?
49
(60 - 43) + 20 + -23
14
What is 66 - (22 - (-46 + (55 - -1)))?
54
What is the value of 0 - -15 - ((-18 - -96) + -100)?
37
Calculate -69 + -7 + (57 - 43).
-62
Evaluate -3 - (-9 - (-52 - (-7 + 8 + 3))).
-50
Evaluate 6 + -2 + -7 - 13 - -100 - 15.
69
What is 920 + -946 - (2 - 26)?
-2
What is the value of (-186 + 337 - 186) + (-1 - -4 - 1)?
-33
What is the value of 13 - -10 - (-38 + 23 + 99)?
-61
Calculate 24 + (-20 - 64) - -57.
-3
-12 - (33 - (19 + -12 + 5))
-33
Evaluate 32 - -17 - 52 - -8.
5
Calculate -6 + -12 + 82 + -13 + 18 - -15.
84
What is (-45 - 3) + (47 - -10 - 44)?
-35
Evaluate (4 - -7 - -5 - 3) + (8 - -17 - 14).
24
-27 + 23 + (70 - 79)
-13
What is the value of -205 + (108 - -95) - (-79 - 1)?
78
Calculate 59 - (-16 + -14 + 75 + -30).
44
Calculate -8 + -63 - (-1870 - -1766).
33
Evaluate (11 - 20) + 97 + -40.
48
What is -13 + 3 + (-91 + 86 - (-50 + 3))?
32
What is the value of -52 + (-33 + -2 - -62) - 85?
-110
What is 36 + (22 - 4) + -82?
-28
Evaluate (-101 - -60) + -8 + 4 + -7.
-52
What is 32 + (97 - 111) + 0 + 17?
35
What is (18 - (-1 + 11)) + (9 - 4) + 2 + -30?
-15
Calculate -53 + 18 + 15 - (0 - 50).
30
-5 - (-108 + 116 + (5 + -7 - 6))
-5
(-31 - 20) + (20 - (-1 + 8)) - 10
-48
What is the value of (-1 - -20) + (52 - 5 - -4 - 116)?
-46
Evaluate (1 - 5) + 5 - -7 - (-88 - -52).
44
What is -68 - (-30 + 0 + 14 + 16) - -13?
-55
What is the value of 25 - 30 - (-149 + 66)?
78
-8 - (-28 + 5 - (4 - 15))
4
What is (2 - 67) + (-3908 - -3911)?
-62
What is the value of -33 - -6 - (-50 - -57)?
-34
What is the value of (-4 - 1 - (8 - 5)) + 51 + 77 + -99?
21
Calculate 61 + (-5 - (-7 + 13) - 6) + 29.
73
What is (-14 + 1 - (-139 - -133) - 1) + 34?
26
Calculate -78 - -109 - 61 - (-103 + -1).
74
5 + 2 + (36 + (14 - (48 - 17)) - 18)
8
What is 90 + (-176 - -55) + (-93 - -1)?
-123
What is the value of 1 + ((-4 - -9) + -1 - 53) - (620 - 632)?
-36
Calculate -128 - -63 - (-81 - -33).
-17
What is -1 - (-10 + (29 - 6) + -12 + 26)?
-28
Calculate (-50 - -29 - -115) + -71.
23
-4 + -27 + 13 + (94 - 47)
29
What is 211 - 177 - 82 - (24 - -1)?
-73
What is the value of (-40 - 35) + 97 - -58?
80
What is the value of 27 + 37 + -58 - -101?
107
(121 - (98 - 42)) + -16
49
(2 + -3 - -42) + (-8791 - -8786)
36
(2 - 5) + (10 + (1 - 4) + 6 - 51)
-41
What is the value of 17 - (-11 + (13 - -37)) - 10?
-32
Calculate -19 - (29 - -22 - -12).
-82
What is -32 + 174 + -156 + 16 + 2?
4
Evaluate -3 + (-6 - (-2 + -1)) + (-43 - (-20 - 17)).
-12
-4 + (37 - 9) - 11 - (8 + -1 + 55)
-49
What is -30 + (-14 - (-5 + -20) - -2)?
-17
Evaluate 45 - 21 - ((7 + -8 - -6) + -1).
20
Evaluate ((-20 - -6) + 40 - -29) + (1 - 1) + 3.
58
What is (77 - 38) + (5 - 19)?
25
Evaluate -6 - -16 - 6 - (93 + -100 + (-1 - 11)).
23
Evaluate 6 + (60 - (7 + -20 + 14)) + (-5 - -4).
64
What is -51 + (-29 - -160) + -55?
25
Calculate (-123 - -35 - -43) + 80.
35
Evaluate 60 + 6 + -48 - (-5 - 1).
24
14 + -25 + -67 + -3 + (6 - 5) - 13
-93
(70 - 16) + (-4 + 2 + 14 - 25)
41
What is the value of -111 + -3 - (-4 + -13 + 4 - (-69 - -64))?
-106
What is the value of -6 + 8 + -1 + -4 - (120 + -277 + 174)?
-20
Calculate -59 + (60 - -36 - 41).
-4
Evaluate 14 + -23 + 14 - (52 + -1).
-46
Evaluate -4 - -27 - (-7 - ((17 - 32) + 15)).
30
Evaluate -17 - ((-691 - -685) + 35 + 1).
-47
-22104 + 22190 + (0 - 0 - (-4 + 1 - -15))
74
What is the value of (1 - (3 + -3)) + 4 + 50 + (-270 - -263)?
48
-14 + 13 - (25 - -34)
-60
-45 - (-23 + 1) - (15 + 13)
-51
Evaluate 55 + (-13 - (-37 + 18 - -18)).
43
Calculate (-7 - (-33 - (17 - 26))) + -93.
-76
Evaluate -108 + (-30 - -3) + (11 - -3 - -1) + 14.
-106
What is the value of 1 - (39 - (87 - 45)) - (102 - (1 + -1))?
-98
Calculate -6 + -2 + -67 - 13 - -37.
-51
Calculate (73 - 22) + -37 - (0 - 16).
30
Calculate -36 + (-216 - -117) - -209.
74
Calculate (-19 - -8) + (-8 - (-7 + (-3 - (-7 - 4)))).
-20
-9 + -29 + -32 + 50 - (16 + 0)
-36
What is the value of 12 + -56 + (12 - (-14 - (-23 - 15)))?
-56
39 - (24 - -1) - 36 - -103
81
Calculate (142 - (-5 + 146)) + 149.
150
What is the value of 11 + -2 - (24 - (1 + 13 + -10))?
-11
-8 - (16 - (-16 + 6 - -21)) - 1
-14
What is 3 + (113 - 118) + (-2 - -1) - 53?
-56
Evaluate -112 - -219 - 176 - -100.
31
Calculate 69 - (-2 + (21 - 9) + 8).
51
What is -31 - 21 - -47 - ((0 - -3) + (10 - 14))?
-4
What is the value of -6 + (39 - 4) + 35?
64
Evaluate (3048 - 3035) + -2 + -73.
-62
What is 20641 + -20742 + (17 - 1)?
-85
What is the value of -15 - (11 + 10 - (8 - -3))?
-25
13 - (0 + 52 + 56 + 47 + -113)
-29
-10 + 2 + (10 - 22) + -8 + 24 - -82
78
What is 75 + (-73 - (-98 - -99))?
1
3 + (6 - 1 - 38)
-30
What is the value of 32 + (24 - (-9 - -1 - (-42 - -22))) - 11?
33
What is -88 + (-11 - -12 - -19 - (-8 - -46))?
-106
What is (170 - 175) + (0 - 6) + (21 - 1)?
9
Calculate (34 - (18 - -17)) + -39.
-40
-25 - 0 - (156 - 171)
-10
What is 209 - (16 + -66 - -179)?
80
Calculate -1 + 18 - 1 - (767 + -766) - -13.
28
(-70 + 1 - (-75 - (17 + -93))) + 13
-57
-23 + -2 + 3 + (1 - 1) + 87 + -82
-17
59 + (-45 - (104 + -70))
-20
399 + -487 - (5 + -95)
2
Calculate (15 - (29 - -10 - 55)) + (-7 - -1).
25
Calculate 136 + (-94 - -117 - 43).
116
Evaluate -6 + (51 - (40 - -44)).
-39
What is -197 + 62 + (7 - -2) + 0 + -1 + 7?
-120
Evaluate 98 + 27 + (-278 - -23).
-130
What is (-58 - 11) + (177 + -153 - (-1 + 13))?
-57
(0 + (-2 - -1) - 7 - (26897 - 26900)) + -1
-6
What is 3 + -3 + (-3324 - -3230)?
-94
13 + 81 + -49 + 3 + -1
47
What is the value of 13 + (61 - (-72 + 123) - ((-90 - 0) + -1))?
114
Calculate (-1 - 8) + (83 - (22 + -40 + -8 + 25)).
75
Calculate 96 + -112 - (-35 + (11 - 6)).
14
Evaluate -48 + 19 + 20 + -28 + (2 - 3).
-38
Evaluate 87 - (